{"id":506,"date":"2023-08-02T11:38:24","date_gmt":"2023-08-02T09:38:24","guid":{"rendered":"https:\/\/zichlinek.eu\/?page_id=506"},"modified":"2024-07-22T16:15:27","modified_gmt":"2024-07-22T14:15:27","slug":"uzemni-plan","status":"publish","type":"page","link":"https:\/\/zichlinek.eu\/?page_id=506","title":{"rendered":"\u00dazemn\u00ed pl\u00e1n obce \u017dichl\u00ednek"},"content":{"rendered":"\n<h2 class=\"wp-block-heading\">\u00dazemn\u00ed pl\u00e1n 2009 &#8211; 2023<\/h2>\n\n\n\n<h3 class=\"wp-block-heading has-text-color\" style=\"color:#235789\"><strong>Ve\u0159ejn\u00e1 vyhl\u00e1\u0161ka<\/strong><\/h3>\n\n\n\n<ul class=\"wp-block-list\">\n<li><a href=\"https:\/\/zichlinek.eu\/wp-content\/uploads\/2024\/07\/A-Navrh-Verejne-vyhlasky-Oznameni-o-vydani-OOP_UP-Zichlinek.pdf\" target=\"_blank\" rel=\"noreferrer noopener\">Ozn\u00e1men\u00ed o vyd\u00e1n\u00ed opat\u0159en\u00ed obecn\u00e9 povahy \u010d.1\/2009<\/a><img decoding=\"async\" class=\"wp-image-4409\" style=\"width: NaNpx;\" src=\"https:\/\/zichlinek.eu\/wp-content\/uploads\/2024\/07\/A-Navrh-Verejne-vyhlasky-Oznameni-o-vydani-OOP_UP-Zichlinek-1.doc\" alt=\"\"><\/li>\n\n\n\n<li><a href=\"https:\/\/zichlinek.eu\/wp-content\/uploads\/2024\/07\/A-Navrh-OOP-UP-Zichlinek-1.pdf\" target=\"_blank\" rel=\"noreferrer noopener\">Opat\u0159en\u00ed obecn\u00e9 povahy \u010d.1\/2009<\/a><\/li>\n<\/ul>\n\n\n\n<h3 class=\"wp-block-heading has-text-color\" style=\"color:#235789\"><strong>V\u00fdkresov\u00e1&nbsp;\u010d\u00e1st<\/strong><\/h3>\n\n\n\n<ul class=\"wp-block-list\">\n<li><a href=\"https:\/\/zichlinek.eu\/wp-content\/uploads\/2024\/07\/A.2.1-vykres-zakladniho-cleneni-uzemi.pdf\" target=\"_blank\" rel=\"noreferrer noopener\">V\u00fdkres z\u00e1kladn\u00edho \u010dlen\u011bn\u00ed \u00fazem\u00ed<\/a><\/li>\n\n\n\n<li><a href=\"https:\/\/zichlinek.eu\/wp-content\/uploads\/2024\/07\/A.2.2-hlavni-vykres.pdf\" target=\"_blank\" rel=\"noreferrer noopener\">Hlavn\u00ed v\u00fdkres<\/a><\/li>\n\n\n\n<li><a href=\"https:\/\/zichlinek.eu\/wp-content\/uploads\/2024\/07\/A.2.3-hlavni-vykres-technicka-infrastruktura.pdf\" target=\"_blank\" rel=\"noreferrer noopener\">Hlavn\u00ed v\u00fdkres &#8211; technick\u00e1 infrastruktura<\/a><\/li>\n\n\n\n<li><a href=\"https:\/\/zichlinek.eu\/wp-content\/uploads\/2024\/07\/A.2.4-vykres-verejne-prospesnych-staveb-opatreni-a-asanaci.pdf\" target=\"_blank\" rel=\"noreferrer noopener\">V\u00fdkres ve\u0159ejn\u011b prosp\u011b\u0161n\u00fdch staveb, opat\u0159en\u00ed a asanac\u00ed<\/a><\/li>\n\n\n\n<li><a href=\"https:\/\/zichlinek.eu\/wp-content\/uploads\/2024\/07\/B.2.1-koordinacni-vykres.pdf\" target=\"_blank\" rel=\"noreferrer noopener\">Koordina\u010dn\u00ed v\u00fdkres<\/a><\/li>\n\n\n\n<li><a href=\"https:\/\/zichlinek.eu\/wp-content\/uploads\/2024\/07\/B.2.2-vykres-sirsich-vztahu.pdf\" target=\"_blank\" rel=\"noreferrer noopener\">V\u00fdkres \u0161ir\u0161\u00edch vztah\u016f<\/a><\/li>\n\n\n\n<li><a href=\"https:\/\/zichlinek.eu\/wp-content\/uploads\/2024\/07\/B.2.3-vykres-predpokladanych-zaboru-pudniho-fondu.pdf\" target=\"_blank\" rel=\"noreferrer noopener\">V\u00fdkres&nbsp;p\u0159edpokl\u00e1dan\u00fdch z\u00e1bor\u016f p\u016fdn\u00edho fondu<\/a><\/li>\n<\/ul>\n\n\n\n<div class=\"wp-block-columns is-layout-flex wp-container-core-columns-is-layout-9d6595d7 wp-block-columns-is-layout-flex\">\n<div class=\"wp-block-column is-vertically-aligned-center has-black-color has-white-background-color has-text-color has-background has-link-color wp-elements-4e4b2a55cef55e0446dcef955a027741 is-layout-flow wp-block-column-is-layout-flow\" style=\"font-size:100px;flex-basis:100%\">\n<hr class=\"wp-block-separator aligncenter has-text-color has-black-color has-alpha-channel-opacity has-black-background-color has-background is-style-wide\"\/>\n<\/div>\n<\/div>\n\n\n\n<h2 class=\"wp-block-heading\">Zm\u011bna \u00fazemn\u00edho pl\u00e1nu \u010d. 1 &#8211; 2023<\/h2>\n\n\n\n<h3 class=\"wp-block-heading has-text-color\" style=\"color:#235789\"><strong>Ve\u0159ejn\u00e1 vyhl\u00e1\u0161ka<\/strong>\/ <strong>textov\u00e1 \u010d\u00e1st<\/strong><\/h3>\n\n\n\n<ul class=\"wp-block-list\">\n<li><a href=\"https:\/\/zichlinek.eu\/wp-content\/uploads\/2024\/07\/OOP-Zmena-c.1-UP-Zichlinek.pdf\" target=\"_blank\" rel=\"noreferrer noopener\">Opat\u0159en\u00ed obecn\u00e9 povahy &#8211; zm\u011bna \u010d. 1 \u00daP \u017dichl\u00ednek<\/a><\/li>\n\n\n\n<li><a href=\"https:\/\/zichlinek.eu\/wp-content\/uploads\/2024\/07\/UP-Zichlinek-textova-cast-srovnavaci-text-s-vyznacenim-zmen.pdf\" target=\"_blank\" rel=\"noreferrer noopener\">Textov\u00e1 \u010d\u00e1st &#8211; srovn\u00e1vac\u00ed text s vyzna\u010den\u00edm zm\u011bn &#8211; zm\u011bna \u010d. 1 \u00daP \u017dichl\u00ednek<\/a><\/li>\n<\/ul>\n\n\n\n<h3 class=\"wp-block-heading has-text-color\" style=\"color:#235789\"><strong>V\u00fdkresov\u00e1&nbsp;\u010d\u00e1st<\/strong><\/h3>\n\n\n\n<ul class=\"wp-block-list\">\n<li><a href=\"https:\/\/zichlinek.eu\/wp-content\/uploads\/2024\/07\/Zmena-c.1-UP-Zichlinek-Hlavni-vykres.pdf\" target=\"_blank\" rel=\"noreferrer noopener\">Zm\u011bna \u010d.1 \u00daP \u017dichl\u00ednek &#8211; Hlavni v\u00fdkres<\/a><\/li>\n\n\n\n<li><a href=\"https:\/\/zichlinek.eu\/wp-content\/uploads\/2024\/07\/Zmena-c.1-UP-Zichlinek-Koordinacni-vykres.pdf\" target=\"_blank\" rel=\"noreferrer noopener\">Zm\u011bna \u010d.1 \u00daP \u017dichl\u00ednek &#8211; Koordina\u010dn\u00ed v\u00fdkres<\/a><\/li>\n\n\n\n<li><a href=\"https:\/\/zichlinek.eu\/wp-content\/uploads\/2024\/07\/Zmena-c.1-UP-Zichlinek-Vykres-koncepce-technicke-infrastruktury.pdf\" target=\"_blank\" rel=\"noreferrer noopener\">Zm\u011bna \u010d.1 \u00daP \u017dichl\u00ednek &#8211; V\u00fdkres koncepce technick\u00e9 infrastruktury<\/a><\/li>\n\n\n\n<li><a href=\"https:\/\/zichlinek.eu\/wp-content\/uploads\/2024\/07\/Zmena-c.1-UP-Zichlinek-Vykres-predpokladanych-zaboru-pudniho-fondu.pdf\">Zm\u011bna \u010d.1 \u00daP \u017dichl\u00ednek &#8211; V\u00fdkres p\u0159edpokl\u00e1dan\u00fdch z\u00e1boru p\u016fdn\u00edho fondu<\/a><\/li>\n\n\n\n<li><a href=\"https:\/\/zichlinek.eu\/wp-content\/uploads\/2024\/07\/Zmena-c.1-UP-Zichlinek-Vykres-verejne-prospesnych-staveb-opatreni-a-asanaci.pdf\" target=\"_blank\" rel=\"noreferrer noopener\">Zm\u011bna \u010d.1 \u00daP \u017dichl\u00ednek &#8211; V\u00fdkres ve\u0159ejn\u011b prosp\u011b\u0161n\u00fdch staveb, opat\u0159eni a asanaci<\/a><\/li>\n\n\n\n<li><a href=\"https:\/\/zichlinek.eu\/wp-content\/uploads\/2024\/07\/Zmena-c.1-UP-Zichlinek-Vykres-zakladniho-cleneni-uzemi.pdf\" target=\"_blank\" rel=\"noreferrer noopener\">Zm\u011bna \u010d.1 \u00daP \u017dichl\u00ednek &#8211; V\u00fdkres z\u00e1kladn\u00edho \u010dlen\u011bn\u00ed \u00fazem\u00ed<\/a><\/li>\n<\/ul>\n\n\n\n<hr class=\"wp-block-separator has-text-color has-black-color has-alpha-channel-opacity has-black-background-color has-background is-style-wide\"\/>\n\n\n\n<h2 class=\"wp-block-heading\">\u00dazemn\u00ed pl\u00e1n po zm\u011bn\u011b \u010d. 1 &#8211; 2023<\/h2>\n\n\n\n<h3 class=\"wp-block-heading has-text-color\" style=\"color:#235789\"><strong>Ve\u0159ejn\u00e1 vyhl\u00e1\u0161ka<\/strong>\/ <strong>textov\u00e1 \u010d\u00e1st<\/strong><\/h3>\n\n\n\n<ul class=\"wp-block-list\">\n<li><a href=\"https:\/\/zichlinek.eu\/wp-content\/uploads\/2024\/07\/SKM_C25823112909090.pdf\" target=\"_blank\" rel=\"noreferrer noopener\">Opat\u0159en\u00ed obecn\u00e9 povahy &#8211; \u00daP \u017dichl\u00ednek po zm\u011bn\u011b \u010d. 1<\/a><\/li>\n\n\n\n<li><a href=\"https:\/\/zichlinek.eu\/wp-content\/uploads\/2024\/07\/UP-Zichlinek-textova-cast-po-zmene-c.-1.pdf\" target=\"_blank\" rel=\"noreferrer noopener\">\u00daP \u017dichl\u00ednek &#8211; textov\u00e1 \u010d\u00e1st po zm\u011bn\u011b \u010d. 1<\/a><\/li>\n\n\n\n<li><a href=\"https:\/\/zichlinek.eu\/wp-content\/uploads\/2024\/07\/UP-Zichlinek-textova-cast-srovnavaci-text-s-vyznacenim-zmen-1.pdf\" target=\"_blank\" rel=\"noreferrer noopener\">\u00daP \u017dichl\u00ednek &#8211; textov\u00e1 \u010d\u00e1st- srovn\u00e1vac\u00ed text s vyzna\u010den\u00edm zm\u011bn<\/a><\/li>\n<\/ul>\n\n\n\n<h3 class=\"wp-block-heading has-text-color\" style=\"color:#235789\"><strong>V\u00fdkresov\u00e1&nbsp;\u010d\u00e1st<\/strong><\/h3>\n\n\n\n<ul class=\"wp-block-list\">\n<li><a href=\"https:\/\/zichlinek.eu\/wp-content\/uploads\/2024\/07\/UP-Zichlinek-Hlavni-vykres.pdf\" target=\"_blank\" rel=\"noreferrer noopener\">\u00daP \u017dichl\u00ednek &#8211; Hlavn\u00ed v\u00fdkres<\/a><\/li>\n\n\n\n<li><a href=\"https:\/\/zichlinek.eu\/wp-content\/uploads\/2024\/07\/UP-Zichlinek-Koordinacni-vykres.pdf\" target=\"_blank\" rel=\"noreferrer noopener\">\u00daP \u017dichl\u00ednek &#8211; Koordina\u010dn\u00ed v\u00fdkres<\/a><\/li>\n\n\n\n<li><a href=\"https:\/\/zichlinek.eu\/wp-content\/uploads\/2024\/07\/UP-Zichlinek-Vykres-koncepce-technicke-infrastruktury.pdf\" target=\"_blank\" rel=\"noreferrer noopener\">\u00daP \u017dichl\u00ednek &#8211; V\u00fdkres koncepce technick\u00e9 infrastruktury<\/a><\/li>\n\n\n\n<li><a href=\"https:\/\/zichlinek.eu\/wp-content\/uploads\/2024\/07\/UP-Zichlinek-Vykres-verejne-prospesnych-staveb-opatreni-a-asanaci.pdf\" target=\"_blank\" rel=\"noreferrer noopener\">\u00daP \u017dichl\u00ednek &#8211; V\u00fdkres ve\u0159ejn\u011b prosp\u011b\u0161n\u00fdch staveb, opat\u0159en\u00ed a asanaci<\/a><\/li>\n\n\n\n<li><a href=\"https:\/\/zichlinek.eu\/wp-content\/uploads\/2024\/07\/UP-Zichlinek-Vykres-zakladniho-cleneni-uzemi.pdf\" target=\"_blank\" rel=\"noreferrer noopener\">\u00daP \u017dichl\u00ednek &#8211; V\u00fdkres z\u00e1kladn\u00edho \u010dlen\u011bni \u00fazem\u00ed<\/a><\/li>\n<\/ul>\n\n\n\n<hr class=\"wp-block-separator has-text-color has-black-color has-alpha-channel-opacity has-black-background-color has-background is-style-wide\"\/>\n\n\n\n<h3 class=\"wp-block-heading has-text-color\" style=\"color:#235789\"><strong>Interaktivn\u00ed \u00fazemn\u00ed pl\u00e1n<\/strong><\/h3>\n\n\n\n<p>Interaktivn\u00ed \u00fazemn\u00ed pl\u00e1n v aplikaci Google Maps si m\u016f\u017eete prohl\u00e9dnout, pokud kliknete na odkaz n\u00ed\u017ee.<\/p>\n\n\n\n<ul class=\"wp-block-list\">\n<li><a href=\"https:\/\/www.zichlinek.eu\/cz\/uredni-deska\/interaktivni-uzemni-plan\" target=\"_blank\" rel=\"noreferrer noopener\">Interaktivn\u00ed \u00fazemn\u00ed pl\u00e1n<\/a><\/li>\n<\/ul>\n\n\n\n<h3 class=\"wp-block-heading has-text-color\" style=\"color:#235789\">Dal\u0161\u00ed odkazy<\/h3>\n\n\n\n<ul class=\"wp-block-list\">\n<li><a href=\"https:\/\/www.lanskroun.eu\/uzemni-planovani\/ds-1046\" target=\"_blank\" rel=\"noreferrer noopener\">\u00dazemn\u00ed pl\u00e1novan\u00ed obc\u00ed Lan\u0161krounska komplexn\u011b na jednom m\u00edst\u011b<\/a><\/li>\n<\/ul>\n","protected":false},"excerpt":{"rendered":"<p>\u00dazemn\u00ed pl\u00e1n 2009 &#8211; 2023 Ve\u0159ejn\u00e1 vyhl\u00e1\u0161ka V\u00fdkresov\u00e1&nbsp;\u010d\u00e1st Zm\u011bna \u00fazemn\u00edho pl\u00e1nu \u010d. 1 &#8211; 2023 Ve\u0159ejn\u00e1 vyhl\u00e1\u0161ka\/ textov\u00e1 \u010d\u00e1st V\u00fdkresov\u00e1&nbsp;\u010d\u00e1st \u00dazemn\u00ed pl\u00e1n po zm\u011bn\u011b \u010d. 1 &#8211; 2023 Ve\u0159ejn\u00e1 vyhl\u00e1\u0161ka\/&hellip;<\/p>\n","protected":false},"author":1,"featured_media":0,"parent":0,"menu_order":0,"comment_status":"closed","ping_status":"closed","template":"","meta":{"_acf_changed":false,"ngg_post_thumbnail":0,"footnotes":""},"class_list":["post-506","page","type-page","status-publish","hentry"],"acf":[],"_links":{"self":[{"href":"https:\/\/zichlinek.eu\/index.php?rest_route=\/wp\/v2\/pages\/506","targetHints":{"allow":["GET"]}}],"collection":[{"href":"https:\/\/zichlinek.eu\/index.php?rest_route=\/wp\/v2\/pages"}],"about":[{"href":"https:\/\/zichlinek.eu\/index.php?rest_route=\/wp\/v2\/types\/page"}],"author":[{"embeddable":true,"href":"https:\/\/zichlinek.eu\/index.php?rest_route=\/wp\/v2\/users\/1"}],"replies":[{"embeddable":true,"href":"https:\/\/zichlinek.eu\/index.php?rest_route=%2Fwp%2Fv2%2Fcomments&post=506"}],"version-history":[{"count":32,"href":"https:\/\/zichlinek.eu\/index.php?rest_route=\/wp\/v2\/pages\/506\/revisions"}],"predecessor-version":[{"id":4486,"href":"https:\/\/zichlinek.eu\/index.php?rest_route=\/wp\/v2\/pages\/506\/revisions\/4486"}],"wp:attachment":[{"href":"https:\/\/zichlinek.eu\/index.php?rest_route=%2Fwp%2Fv2%2Fmedia&parent=506"}],"curies":[{"name":"wp","href":"https:\/\/api.w.org\/{rel}","templated":true}]}}

Územní plán obce Žichlínek

<h2 class="wp-block-heading">Územní plán 2009 &#8211; 2023</h2>



<h3 class="wp-block-heading has-text-color" style="color:#235789"><strong>Veřejná vyhláška</strong></h3>



<ul class="wp-block-list">
<li><a href="https://zichlinek.eu/wp-content/uploads/2024/07/A-Navrh-Verejne-vyhlasky-Oznameni-o-vydani-OOP_UP-Zichlinek.pdf" target="_blank" rel="noreferrer noopener">Oznámení o vydání opatření obecné povahy č.1/2009</a><img decoding="async" class="wp-image-4409" style="width: NaNpx;" src="https://zichlinek.eu/wp-content/uploads/2024/07/A-Navrh-Verejne-vyhlasky-Oznameni-o-vydani-OOP_UP-Zichlinek-1.doc" alt=""></li>



<li><a href="https://zichlinek.eu/wp-content/uploads/2024/07/A-Navrh-OOP-UP-Zichlinek-1.pdf" target="_blank" rel="noreferrer noopener">Opatření obecné povahy č.1/2009</a></li>
</ul>



<h3 class="wp-block-heading has-text-color" style="color:#235789"><strong>Výkresová&nbsp;část</strong></h3>



<ul class="wp-block-list">
<li><a href="https://zichlinek.eu/wp-content/uploads/2024/07/A.2.1-vykres-zakladniho-cleneni-uzemi.pdf" target="_blank" rel="noreferrer noopener">Výkres základního členění území</a></li>



<li><a href="https://zichlinek.eu/wp-content/uploads/2024/07/A.2.2-hlavni-vykres.pdf" target="_blank" rel="noreferrer noopener">Hlavní výkres</a></li>



<li><a href="https://zichlinek.eu/wp-content/uploads/2024/07/A.2.3-hlavni-vykres-technicka-infrastruktura.pdf" target="_blank" rel="noreferrer noopener">Hlavní výkres &#8211; technická infrastruktura</a></li>



<li><a href="https://zichlinek.eu/wp-content/uploads/2024/07/A.2.4-vykres-verejne-prospesnych-staveb-opatreni-a-asanaci.pdf" target="_blank" rel="noreferrer noopener">Výkres veřejně prospěšných staveb, opatření a asanací</a></li>



<li><a href="https://zichlinek.eu/wp-content/uploads/2024/07/B.2.1-koordinacni-vykres.pdf" target="_blank" rel="noreferrer noopener">Koordinační výkres</a></li>



<li><a href="https://zichlinek.eu/wp-content/uploads/2024/07/B.2.2-vykres-sirsich-vztahu.pdf" target="_blank" rel="noreferrer noopener">Výkres širších vztahů</a></li>



<li><a href="https://zichlinek.eu/wp-content/uploads/2024/07/B.2.3-vykres-predpokladanych-zaboru-pudniho-fondu.pdf" target="_blank" rel="noreferrer noopener">Výkres&nbsp;předpokládaných záborů půdního fondu</a></li>
</ul>



<div class="wp-block-columns is-layout-flex wp-container-core-columns-is-layout-9d6595d7 wp-block-columns-is-layout-flex">
<div class="wp-block-column is-vertically-aligned-center has-black-color has-white-background-color has-text-color has-background has-link-color wp-elements-4e4b2a55cef55e0446dcef955a027741 is-layout-flow wp-block-column-is-layout-flow" style="font-size:100px;flex-basis:100%">
<hr class="wp-block-separator aligncenter has-text-color has-black-color has-alpha-channel-opacity has-black-background-color has-background is-style-wide"/>
</div>
</div>



<h2 class="wp-block-heading">Změna územního plánu č. 1 &#8211; 2023</h2>



<h3 class="wp-block-heading has-text-color" style="color:#235789"><strong>Veřejná vyhláška</strong>/ <strong>textová část</strong></h3>



<ul class="wp-block-list">
<li><a href="https://zichlinek.eu/wp-content/uploads/2024/07/OOP-Zmena-c.1-UP-Zichlinek.pdf" target="_blank" rel="noreferrer noopener">Opatření obecné povahy &#8211; změna č. 1 ÚP Žichlínek</a></li>



<li><a href="https://zichlinek.eu/wp-content/uploads/2024/07/UP-Zichlinek-textova-cast-srovnavaci-text-s-vyznacenim-zmen.pdf" target="_blank" rel="noreferrer noopener">Textová část &#8211; srovnávací text s vyznačením změn &#8211; změna č. 1 ÚP Žichlínek</a></li>
</ul>



<h3 class="wp-block-heading has-text-color" style="color:#235789"><strong>Výkresová&nbsp;část</strong></h3>



<ul class="wp-block-list">
<li><a href="https://zichlinek.eu/wp-content/uploads/2024/07/Zmena-c.1-UP-Zichlinek-Hlavni-vykres.pdf" target="_blank" rel="noreferrer noopener">Změna č.1 ÚP Žichlínek &#8211; Hlavni výkres</a></li>



<li><a href="https://zichlinek.eu/wp-content/uploads/2024/07/Zmena-c.1-UP-Zichlinek-Koordinacni-vykres.pdf" target="_blank" rel="noreferrer noopener">Změna č.1 ÚP Žichlínek &#8211; Koordinační výkres</a></li>



<li><a href="https://zichlinek.eu/wp-content/uploads/2024/07/Zmena-c.1-UP-Zichlinek-Vykres-koncepce-technicke-infrastruktury.pdf" target="_blank" rel="noreferrer noopener">Změna č.1 ÚP Žichlínek &#8211; Výkres koncepce technické infrastruktury</a></li>



<li><a href="https://zichlinek.eu/wp-content/uploads/2024/07/Zmena-c.1-UP-Zichlinek-Vykres-predpokladanych-zaboru-pudniho-fondu.pdf">Změna č.1 ÚP Žichlínek &#8211; Výkres předpokládaných záboru půdního fondu</a></li>



<li><a href="https://zichlinek.eu/wp-content/uploads/2024/07/Zmena-c.1-UP-Zichlinek-Vykres-verejne-prospesnych-staveb-opatreni-a-asanaci.pdf" target="_blank" rel="noreferrer noopener">Změna č.1 ÚP Žichlínek &#8211; Výkres veřejně prospěšných staveb, opatřeni a asanaci</a></li>



<li><a href="https://zichlinek.eu/wp-content/uploads/2024/07/Zmena-c.1-UP-Zichlinek-Vykres-zakladniho-cleneni-uzemi.pdf" target="_blank" rel="noreferrer noopener">Změna č.1 ÚP Žichlínek &#8211; Výkres základního členění území</a></li>
</ul>



<hr class="wp-block-separator has-text-color has-black-color has-alpha-channel-opacity has-black-background-color has-background is-style-wide"/>



<h2 class="wp-block-heading">Územní plán po změně č. 1 &#8211; 2023</h2>



<h3 class="wp-block-heading has-text-color" style="color:#235789"><strong>Veřejná vyhláška</strong>/ <strong>textová část</strong></h3>



<ul class="wp-block-list">
<li><a href="https://zichlinek.eu/wp-content/uploads/2024/07/SKM_C25823112909090.pdf" target="_blank" rel="noreferrer noopener">Opatření obecné povahy &#8211; ÚP Žichlínek po změně č. 1</a></li>



<li><a href="https://zichlinek.eu/wp-content/uploads/2024/07/UP-Zichlinek-textova-cast-po-zmene-c.-1.pdf" target="_blank" rel="noreferrer noopener">ÚP Žichlínek &#8211; textová část po změně č. 1</a></li>



<li><a href="https://zichlinek.eu/wp-content/uploads/2024/07/UP-Zichlinek-textova-cast-srovnavaci-text-s-vyznacenim-zmen-1.pdf" target="_blank" rel="noreferrer noopener">ÚP Žichlínek &#8211; textová část- srovnávací text s vyznačením změn</a></li>
</ul>



<h3 class="wp-block-heading has-text-color" style="color:#235789"><strong>Výkresová&nbsp;část</strong></h3>



<ul class="wp-block-list">
<li><a href="https://zichlinek.eu/wp-content/uploads/2024/07/UP-Zichlinek-Hlavni-vykres.pdf" target="_blank" rel="noreferrer noopener">ÚP Žichlínek &#8211; Hlavní výkres</a></li>



<li><a href="https://zichlinek.eu/wp-content/uploads/2024/07/UP-Zichlinek-Koordinacni-vykres.pdf" target="_blank" rel="noreferrer noopener">ÚP Žichlínek &#8211; Koordinační výkres</a></li>



<li><a href="https://zichlinek.eu/wp-content/uploads/2024/07/UP-Zichlinek-Vykres-koncepce-technicke-infrastruktury.pdf" target="_blank" rel="noreferrer noopener">ÚP Žichlínek &#8211; Výkres koncepce technické infrastruktury</a></li>



<li><a href="https://zichlinek.eu/wp-content/uploads/2024/07/UP-Zichlinek-Vykres-verejne-prospesnych-staveb-opatreni-a-asanaci.pdf" target="_blank" rel="noreferrer noopener">ÚP Žichlínek &#8211; Výkres veřejně prospěšných staveb, opatření a asanaci</a></li>



<li><a href="https://zichlinek.eu/wp-content/uploads/2024/07/UP-Zichlinek-Vykres-zakladniho-cleneni-uzemi.pdf" target="_blank" rel="noreferrer noopener">ÚP Žichlínek &#8211; Výkres základního členěni území</a></li>
</ul>



<hr class="wp-block-separator has-text-color has-black-color has-alpha-channel-opacity has-black-background-color has-background is-style-wide"/>



<h3 class="wp-block-heading has-text-color" style="color:#235789"><strong>Interaktivní územní plán</strong></h3>



<p>Interaktivní územní plán v aplikaci Google Maps si můžete prohlédnout, pokud kliknete na odkaz níže.</p>



<ul class="wp-block-list">
<li><a href="https://www.zichlinek.eu/cz/uredni-deska/interaktivni-uzemni-plan" target="_blank" rel="noreferrer noopener">Interaktivní územní plán</a></li>
</ul>



<h3 class="wp-block-heading has-text-color" style="color:#235789">Další odkazy</h3>



<ul class="wp-block-list">
<li><a href="https://www.lanskroun.eu/uzemni-planovani/ds-1046" target="_blank" rel="noreferrer noopener">Územní plánovaní obcí Lanškrounska komplexně na jednom místě</a></li>
</ul>

<p>Územní plán 2009 &#8211; 2023 Veřejná vyhláška Výkresová&nbsp;část Změna územního plánu č. 1 &#8211; 2023 Veřejná vyhláška/ textová část Výkresová&nbsp;část Územní plán po změně č. 1 &#8211; 2023 Veřejná vyhláška/&hellip;</p>
