{"id":439,"date":"2023-08-02T09:00:26","date_gmt":"2023-08-02T07:00:26","guid":{"rendered":"https:\/\/zichlinek.eu\/?page_id=439"},"modified":"2024-12-28T12:52:14","modified_gmt":"2024-12-28T11:52:14","slug":"samosprava","status":"publish","type":"page","link":"https:\/\/zichlinek.eu\/?page_id=439","title":{"rendered":"Samospr\u00e1va"},"content":{"rendered":"<div class=\"osoby\" style=\"display: flex; justify-content: center; align-items: center; flex-direction: column;\">\n<div style=\"width: 80%; background-color: #187296; color: white; text-align: center; padding-top: 0%; margin-bottom: 5%; box-shadow: rgba(0, 0, 0, 0.35) 0px 5px 15px;\">\n<h3 style=\"color: white;\">Starosta, uvoln\u011bn\u00fd<\/h3>\n<p>Radovan Filip<br \/>\ntel. 777 720 191<br \/>\nemail: radovan.filip@zichlinek.eu<\/p>\n<\/div>\n<div style=\"width: 80%; background-color: #187296; color: white; text-align: center; padding-top: 0%; margin-bottom: 5%; box-shadow: rgba(0, 0, 0, 0.35) 0px 5px 15px;\">\n<h3 style=\"color: white;\">1. m\u00edstostarosta, neuvoln\u011bn\u00fd<\/h3>\n<p>Ing. Ladislav Skalick\u00fd<br \/>\ntel. 731 252 663<br \/>\nemail: ladislav.skalicky@zichlinek.eu<\/p>\n<\/div>\n<div style=\"width: 80%; background-color: #187296; color: white; text-align: center; padding-top: 0%; margin-bottom: 5%; box-shadow: rgba(0, 0, 0, 0.35) 0px 5px 15px;\">\n<h3 style=\"color: white;\">2. m\u00edstostarostka obce, neuvoln\u011bn\u00e1<\/h3>\n<p>Bc. Blanka Indrov\u00e1<br \/>\ntel. 736 161 593<br \/>\nemail: blanka.indrova@zichlinek.eu<\/p>\n<\/div>\n<div style=\"width: 80%; background-color: #187296; color: white; text-align: center; padding-top: 0%; margin-bottom: 5%; box-shadow: rgba(0, 0, 0, 0.35) 0px 5px 15px;\">\n<h3 style=\"color: white;\">Zastupitel obce<\/h3>\n<p>p\u0159edseda finan\u010dn\u00edho v\u00fdboru<br \/>\n\u0160imon Daniel, DiS.<br \/>\ntel. 724 266 494<br \/>\nemail: simon.daniel@zichlinek.eu<\/p>\n<\/div>\n<div style=\"width: 80%; background-color: #187296; color: white; text-align: center; padding-top: 0%; margin-bottom: 5%; box-shadow: rgba(0, 0, 0, 0.35) 0px 5px 15px;\">\n<h3 style=\"color: white;\">Zastupitel obce<\/h3>\n<p>\u010dlenka finan\u010dn\u00edho v\u00fdboru<br \/>\nLudmila Langrov\u00e1<br \/>\ntel. 777 590 329<br \/>\nemail: ludmila.langrova@zichlinek.eu<\/p>\n<\/div>\n<div style=\"width: 80%; background-color: #187296; color: white; text-align: center; padding-top: 0%; margin-bottom: 5%; box-shadow: rgba(0, 0, 0, 0.35) 0px 5px 15px;\">\n<h3 style=\"color: white;\">Zastupitel obce<\/h3>\n<p>\u010dlen finan\u010dn\u00edho v\u00fdboru<br \/>\nFranti\u0161ek Filip<br \/>\ntel. 777 134 017<br \/>\nemail: fanyfilip@seznam.cz<\/p>\n<\/div>\n<div style=\"width: 80%; background-color: #187296; color: white; text-align: center; padding-top: 0%; margin-bottom: 5%; box-shadow: rgba(0, 0, 0, 0.35) 0px 5px 15px;\">\n<h3 style=\"color: white;\">Zastupitel obce<\/h3>\n<p>\u010dlen kontroln\u00edho v\u00fdboru<br \/>\nStanislav Peka\u0159<br \/>\ntel. 777 300 039<br \/>\nemail: stanislav.pekar@zichlinek.eu<\/p>\n<\/div>\n<div style=\"width: 80%; background-color: #187296; color: white; text-align: center; padding-top: 0%; margin-bottom: 5%; box-shadow: rgba(0, 0, 0, 0.35) 0px 5px 15px;\">\n<h3 style=\"color: white;\">Zastupitel obce<\/h3>\n<p>\u010dlen kontroln\u00edho v\u00fdboru<br \/>\nJind\u0159ich Skalick\u00fd<br \/>\ntel. 737 934 457<br \/>\nemail: jindrich.skalicky@zichlinek.eu<\/p>\n<\/div>\n<div style=\"width: 80%; background-color: #187296; color: white; text-align: center; padding-top: 0%; margin-bottom: 5%; box-shadow: rgba(0, 0, 0, 0.35) 0px 5px 15px;\">\n<h3 style=\"color: white;\">Zastupitel obce<\/h3>\n<p>p\u0159edseda kontroln\u00edho v\u00fdboru<br \/>\nOnd\u0159ej Skalick\u00fd<br \/>\ntel. 602 438 143<br \/>\nemail: ondrej.skalicky@zichlinek.eu<\/p>\n<\/div>\n<h1 style=\"color: #187790; text-align: center;\">Mimo zastupitelstvo<\/h1>\n<div style=\"width: 80%; background-color: #187296; color: white; text-align: center; padding-top: 0%; margin-bottom: 5%; box-shadow: rgba(0, 0, 0, 0.35) 0px 5px 15px;\">\n<h3 style=\"color: white;\">Z\u00e1stupce obce ve \u0161kolsk\u00e9 rad\u011b<\/h3>\n<p>Mgr. Dana Kr\u00e1tk\u00e1<\/p>\n<\/div>\n<\/div>\n","protected":false},"excerpt":{"rendered":"<p>Starosta, uvoln\u011bn\u00fd Radovan Filip tel. 777 720 191 email: radovan.filip@zichlinek.eu 1. m\u00edstostarosta, neuvoln\u011bn\u00fd Ing. Ladislav Skalick\u00fd tel. 731 252 663 email: ladislav.skalicky@zichlinek.eu 2. m\u00edstostarostka obce, neuvoln\u011bn\u00e1 Bc. Blanka Indrov\u00e1 tel.&hellip;<\/p>\n","protected":false},"author":1,"featured_media":0,"parent":0,"menu_order":0,"comment_status":"closed","ping_status":"closed","template":"","meta":{"_acf_changed":false,"ngg_post_thumbnail":0,"footnotes":""},"class_list":["post-439","page","type-page","status-publish","hentry"],"acf":[],"_links":{"self":[{"href":"https:\/\/zichlinek.eu\/index.php?rest_route=\/wp\/v2\/pages\/439","targetHints":{"allow":["GET"]}}],"collection":[{"href":"https:\/\/zichlinek.eu\/index.php?rest_route=\/wp\/v2\/pages"}],"about":[{"href":"https:\/\/zichlinek.eu\/index.php?rest_route=\/wp\/v2\/types\/page"}],"author":[{"embeddable":true,"href":"https:\/\/zichlinek.eu\/index.php?rest_route=\/wp\/v2\/users\/1"}],"replies":[{"embeddable":true,"href":"https:\/\/zichlinek.eu\/index.php?rest_route=%2Fwp%2Fv2%2Fcomments&post=439"}],"version-history":[{"count":38,"href":"https:\/\/zichlinek.eu\/index.php?rest_route=\/wp\/v2\/pages\/439\/revisions"}],"predecessor-version":[{"id":5480,"href":"https:\/\/zichlinek.eu\/index.php?rest_route=\/wp\/v2\/pages\/439\/revisions\/5480"}],"wp:attachment":[{"href":"https:\/\/zichlinek.eu\/index.php?rest_route=%2Fwp%2Fv2%2Fmedia&parent=439"}],"curies":[{"name":"wp","href":"https:\/\/api.w.org\/{rel}","templated":true}]}}