{"id":405,"date":"2023-08-01T09:17:53","date_gmt":"2023-08-01T07:17:53","guid":{"rendered":"https:\/\/zichlinek.eu\/?page_id=405"},"modified":"2023-08-01T09:17:53","modified_gmt":"2023-08-01T07:17:53","slug":"hrbitov","status":"publish","type":"page","link":"https:\/\/zichlinek.eu\/?page_id=405","title":{"rendered":"H\u0159bitov"},"content":{"rendered":"<p><a href=\"https:\/\/zichlinek.eu\/wp-content\/uploads\/2023\/08\/SKM_C25820081209050-rad-verejneho-pohrebiste.pdf\" style=\"color: black; text-decoration: none;\">\u0158\u00e1d ve\u0159ejn\u00e9ho poh\u0159ebi\u0161t\u011b<\/a><\/p>\n","protected":false},"excerpt":{"rendered":"<p>\u0158\u00e1d ve\u0159ejn\u00e9ho poh\u0159ebi\u0161t\u011b<\/p>\n","protected":false},"author":1,"featured_media":0,"parent":0,"menu_order":0,"comment_status":"closed","ping_status":"closed","template":"","meta":{"_acf_changed":false,"ngg_post_thumbnail":0,"footnotes":""},"class_list":["post-405","page","type-page","status-publish","hentry"],"acf":[],"_links":{"self":[{"href":"https:\/\/zichlinek.eu\/index.php?rest_route=\/wp\/v2\/pages\/405","targetHints":{"allow":["GET"]}}],"collection":[{"href":"https:\/\/zichlinek.eu\/index.php?rest_route=\/wp\/v2\/pages"}],"about":[{"href":"https:\/\/zichlinek.eu\/index.php?rest_route=\/wp\/v2\/types\/page"}],"author":[{"embeddable":true,"href":"https:\/\/zichlinek.eu\/index.php?rest_route=\/wp\/v2\/users\/1"}],"replies":[{"embeddable":true,"href":"https:\/\/zichlinek.eu\/index.php?rest_route=%2Fwp%2Fv2%2Fcomments&post=405"}],"version-history":[{"count":1,"href":"https:\/\/zichlinek.eu\/index.php?rest_route=\/wp\/v2\/pages\/405\/revisions"}],"predecessor-version":[{"id":408,"href":"https:\/\/zichlinek.eu\/index.php?rest_route=\/wp\/v2\/pages\/405\/revisions\/408"}],"wp:attachment":[{"href":"https:\/\/zichlinek.eu\/index.php?rest_route=%2Fwp%2Fv2%2Fmedia&parent=405"}],"curies":[{"name":"wp","href":"https:\/\/api.w.org\/{rel}","templated":true}]}}