{"id":324,"date":"2023-07-31T08:07:28","date_gmt":"2023-07-31T06:07:28","guid":{"rendered":"https:\/\/zichlinek.eu\/?page_id=324"},"modified":"2023-10-20T14:09:27","modified_gmt":"2023-10-20T12:09:27","slug":"zachranny-system","status":"publish","type":"page","link":"https:\/\/zichlinek.eu\/?page_id=324","title":{"rendered":"Z\u00e1chrann\u00fd syst\u00e9m"},"content":{"rendered":"<div class=\"container\">\n<div class=\"row\">\n<div class=\"col-md-6\">\n<div class=\"my-div text-center pt-5\" style=\"background-color: #187296; color: white;\">\n<i class=\"fa-solid fa-handcuffs fa-3x white-icon\"><\/i><\/p>\n<p class=\"white-text\">158<\/p>\n<\/div>\n<\/div>\n<div class=\"col-md-6\">\n<div class=\"my-div text-center pt-5\" style=\"background-color: #187296; color: white;\">\n        <i class=\"fa-solid fa-hospital fa-3x white-icon\"><\/i><\/p>\n<p class=\"white-text\">155<\/p>\n<\/div>\n<\/div>\n<\/div>\n<div class=\"row mt-5\">\n<div class=\"col-md-6\">\n<div class=\"my-div text-center pt-5\" style=\"background-color: #187296; color: white;\">\n       <i class=\"fa-solid fa-fire-extinguisher fa-3x\"><\/i><\/p>\n<p class=\"white-text\">150<\/p>\n<\/div>\n<\/div>\n<div class=\"col-md-6\">\n<div class=\"my-div text-center pt-5\" style=\"background-color: #187296; color: white;\">\n        <i class=\"fa-solid fa-phone fa-3x\"><\/i><\/p>\n<p class=\"white-text\">112<\/p>\n<\/div>\n<\/div>\n<\/div>\n<\/div>\n","protected":false},"excerpt":{"rendered":"<p>158 155 150 112<\/p>\n","protected":false},"author":1,"featured_media":0,"parent":0,"menu_order":0,"comment_status":"closed","ping_status":"closed","template":"","meta":{"_acf_changed":false,"ngg_post_thumbnail":0,"footnotes":""},"class_list":["post-324","page","type-page","status-publish","hentry"],"acf":[],"_links":{"self":[{"href":"https:\/\/zichlinek.eu\/index.php?rest_route=\/wp\/v2\/pages\/324","targetHints":{"allow":["GET"]}}],"collection":[{"href":"https:\/\/zichlinek.eu\/index.php?rest_route=\/wp\/v2\/pages"}],"about":[{"href":"https:\/\/zichlinek.eu\/index.php?rest_route=\/wp\/v2\/types\/page"}],"author":[{"embeddable":true,"href":"https:\/\/zichlinek.eu\/index.php?rest_route=\/wp\/v2\/users\/1"}],"replies":[{"embeddable":true,"href":"https:\/\/zichlinek.eu\/index.php?rest_route=%2Fwp%2Fv2%2Fcomments&post=324"}],"version-history":[{"count":9,"href":"https:\/\/zichlinek.eu\/index.php?rest_route=\/wp\/v2\/pages\/324\/revisions"}],"predecessor-version":[{"id":2392,"href":"https:\/\/zichlinek.eu\/index.php?rest_route=\/wp\/v2\/pages\/324\/revisions\/2392"}],"wp:attachment":[{"href":"https:\/\/zichlinek.eu\/index.php?rest_route=%2Fwp%2Fv2%2Fmedia&parent=324"}],"curies":[{"name":"wp","href":"https:\/\/api.w.org\/{rel}","templated":true}]}}